e factors of 2195782?
2, 1097891
What are the prime factors of 1531916?
2, 382979
List the prime factors of 475398.
2, 3, 7, 11
List the prime factors of 17477389.
1049, 16661
List the prime factors of 773806.
2, 11, 17, 2069
What are the prime factors of 76904?
2, 9613
List the prime factors of 12295703.
7, 83, 21163
List the prime factors of 7497697.
17, 441041
What are the prime factors of 303511?
13, 37, 631
List the prime factors of 23847018.
2, 3, 13, 37, 8263
What are the prime factors of 3364760?
2, 5, 7, 61, 197
What are the prime factors of 739106?
2, 369553
List the prime factors of 325298.
2, 162649
What are the prime factors of 409151?
101, 4051
List the prime factors of 24707627.
7, 149, 23689
List the prime factors of 1324079.
17, 71, 1097
List the prime factors of 1154904.
2, 3, 48121
What are the prime factors of 8675141?
1093, 7937
List the prime factors of 32165293.
23, 67, 20873
List the prime factors of 12484058.
2, 6242029
What are the prime factors of 215567?
11, 19597
What are the prime factors of 813455?
5, 162691
What are the prime factors of 5008488?
2, 3, 208687
What are the prime factors of 759426?
2, 3, 47, 2693
List the prime factors of 1714627.
23, 127, 587
What are the prime factors of 5192825?
5, 11, 23, 821
What are the prime factors of 538811?
7, 13, 31, 191
List the prime factors of 33828.
2, 3, 2819
What are the prime factors of 11057398?
2, 11, 71, 7079
What are the prime factors of 1200785?
5, 31, 61, 127
What are the prime factors of 298840?
2, 5, 31, 241
List the prime factors of 1404320.
2, 5, 67, 131
What are the prime factors of 74637?
3, 8293
What are the prime factors of 4301888?
2, 67217
List the prime factors of 15523332.
2, 3, 11, 10691
What are the prime factors of 6058321?
19, 419, 761
What are the prime factors of 10439538?
2, 3, 67, 25969
What are the prime factors of 7400301?
3, 293, 8419
List the prime factors of 7402629.
3, 13, 67, 2833
List the prime factors of 1252811.
7, 178973
List the prime factors of 873098.
2, 436549
What are the prime factors of 7286001?
3, 2428667
What are the prime factors of 1040901?
3, 43, 8069
List the prime factors of 4837883.
4837883
List the prime factors of 117608.
2, 61, 241
List the prime factors of 1672291.
569, 2939
List the prime factors of 325136.
2, 7, 2903
List the prime factors of 1227130.
2, 5, 41, 73
List the prime factors of 598802.
2, 299401
List the prime factors of 1088366.
2, 544183
List the prime factors of 4684338.
2, 3, 223, 389
What are the prime factors of 953455?
5, 41, 4651
List the prime factors of 671456.
2, 20983
List the prime factors of 889151.
17, 193, 271
What are the prime factors of 1239771?
3, 13, 83, 383
List the prime factors of 139573.
7, 127, 157
What are the prime factors of 5496?
2, 3, 229
What are the prime factors of 701427?
3, 229, 1021
List the prime factors of 1484035.
5, 7, 109, 389
What are the prime factors of 463108?
2, 115777
List the prime factors of 1727712.
2, 3, 7, 857
List the prime factors of 1900963.
601, 3163
List the prime factors of 5795140.
2, 5, 13, 31, 719
What are the prime factors of 2889736?
2, 361217
List the prime factors of 864325.
5, 7, 11, 449
List the prime factors of 198524.
2, 31, 1601
List the prime factors of 3641923.
3641923
List the prime factors of 143884.
2, 13, 2767
List the prime factors of 39063690.
2, 3, 5, 241, 1801
What are the prime factors of 469802?
2, 467, 503
What are the prime factors of 4052894?
2, 2026447
What are the prime factors of 3819270?
2, 3, 5, 7, 13, 1399
List the prime factors of 587373.
3, 195791
What are the prime factors of 15663987?
3, 17, 37, 2767
What are the prime factors of 2643736?
2, 19, 17393
List the prime factors of 170548.
2, 7, 6091
List the prime factors of 1398623.
1398623
List the prime factors of 654755.
5, 17, 7703
What are the prime factors of 4798581?
3, 1013, 1579
List the prime factors of 10822293.
3, 1202477
What are the prime factors of 15667831?
15667831
What are the prime factors of 9922152?
2, 3, 17, 83, 293
What are the prime factors of 242283?
3, 80761
List the prime factors of 4341400.
2, 5, 7, 443
What are the prime factors of 89860?
2, 5, 4493
What are the prime factors of 168886?
2, 84443
What are the prime factors of 96285?
3, 5, 7, 131
What are the prime factors of 11866089?
3, 19, 179, 1163
What are the prime factors of 2009123?
41, 49003
What are the prime factors of 2283818?
2, 1141909
List the prime factors of 6635.
5, 1327
List the prime factors of 9152370.
2, 3, 5, 101693
What are the prime factors of 241727?
241727
List the prime factors of 573299.
573299
List the prime factors of 1060844.
2, 113, 2347
What are the prime factors of 169448?
2, 59, 359
List the prime factors of 2597971.
2597971
List the prime factors of 98949.
3, 32983
What are the prime factors of 2095813?
2095813
What are the prime factors of 1023590?
2, 5, 102359
List the prime factors of 1211819.
7, 3533
List the prime factors of 1887690.
2, 3, 5, 7, 89, 101
List the prime factors of 176352.
2, 3, 11, 167
List the prime factors of 122195.
5, 24439
What are the prime factors of 327868?
2, 81967
What are the prime factors of 25777347?
3, 2081, 4129
List the prime factors of 3423224.
2, 7, 61129
List the prime factors of 8310827.
7, 1187261
List the prime factors of 10003768.
2, 1250471
What are the prime factors of 1856959?
13, 83, 1721
List the prime factors of 47252.
2, 11813
List the prime factors of 13412.
2, 7, 479
What are the prime factors of 593201?
7, 83, 1021
What are the prime factors of 15246552?
2, 3, 17, 37369
What are the prime factors of 4690896?
2, 3, 7, 23, 607
List the prime factors of 403957.
403957
List the prime factors of 40414575.
3, 5, 127, 4243
List the prime factors of 307879.
11, 13, 2153
List the prime factors of 56694.
2, 3, 11, 859
List the prime factors of 25817710.
2, 5, 2581771
What are the prime factors of 17042455?
5, 67, 50873
List the prime factors of 646070.
2, 5, 23, 53
What are the prime factors of 2485014?
2, 3, 7, 59167
What are the prime factors of 17055617?
461, 36997
What are the prime factors of 539202?
2, 3, 89867
List the prime factors of 1182515.
5, 236503
List the prime factors of 9187259.
17, 277, 1951
List the prime factors of 141665.
5, 29, 977
What are the prime factors of 11397148?
2, 7, 59, 6899
What are the prime factors of 1018281?
3, 11, 59, 523
What are the prime factors of 9055173?
3, 397, 7603
List the prime factors of 882874.
2, 53, 8329
List the prime factors of 105533.
105533
List the prime factors of 237028.
2, 11, 5387
List the prime factors of 207517.
207517
What are the prime factors of 1270274?
2, 17, 37361
What are the prime factors of 180936?
2, 3, 7, 359
List the prime factors of 120422.
2, 19, 3169
List the prime factors of 9213403.
73, 126211
List the prime factors of 854347.
13, 65719
List the prime factors of 24376.
2, 11, 277
What are the prime factors of 4005437?
73, 54869
List the prime factors of 289885.
5, 57977
List the prime factors of 623092.
2, 155773
What are the prime factors of 12308790?
2, 3, 5, 13, 37, 853
List the prime factors of 2442540.
2, 3, 5, 40709
What are the prime factors of 31505280?
2, 3, 5, 61, 269
What are the prime factors of 4380759?
3, 643, 757
What are the prime factors of 2476389?
3, 739, 1117
List the prime factors of 4524404.
2, 71, 89, 179
List the prime factors of 123153.
3, 41051
List the prime factors of 169882.
2, 29, 101
What are the prime factors of 2226623?
7, 37, 8597
What are the prime factors of 8020825?
5, 320833
What are the prime factors of 403996?
2, 100999
What are the prime factors of 16581?
3, 5527
What are the prime factors of 40540471?
19, 97, 21997
What are the prime factors of 4200138?
2, 3, 233341
What are the prime factors of 12681951?
3, 4227317
What are the prime factors of 2999822?
2, 7, 47, 97
What are the prime factors of 14947023?
3, 7, 13, 54751
What are the prime factors of 562619?
31, 18149
What are the prime factors of 84742?
2, 7, 6053
List the prime factors of 34768640.
2, 5, 23, 1181
What are the prime factors of 9687730?
2, 5, 13, 74521
What are the prime factors of 1607994?
2, 3, 157, 569
What are the prime factors of 8254312?
2, 11, 97, 967
List the prime factors of 312740.
2, 5, 19, 823
